q = -23 + 23. Let x(i) = -2*i + 52. Let m be x(q). Suppose 24*a - 22*a = m. What is the remainder when 100 is divided by a?
22
Let r(j) = -12*j**3 - 6*j**2 - 32*j - 138. Calculate the remainder when r(-6) is divided by 76.
74
Let k(o) = 6*o**2 + 7 - o**3 - 6*o - 5*o + 4*o. Let g be (-115)/(-25) - (-3)/(-5). What is the remainder when 21 is divided by k(g)?
10
Suppose -6*g = -24, -6*v + 2041 = -3*v - 2*g. What is the remainder when v is divided by 45?
8
Let w be (-14238)/(-15) + (10 - 4)/(-30). Suppose -3*t + 13*g + w = 9*g, 3*t - 2*g - 953 = 0. Calculate the remainder when t is divided by 40.
39
Suppose 0 = -9*n + 60 + 561. Suppose -h - 2*h + n = 3*d, 3*d + 2*h = 67. Let m = -408 - -574. What is the remainder when m is divided by d?
19
Suppose 12*x = 14*x - 4*a - 3826, -3*x = -5*a - 5743. What is the remainder when 1923 is divided by x?
2
Let m = -5978 + 7458. What is the remainder when m is divided by 114?
112
Suppose -5*r = -4*k - 482, -5*r = 13*k - 427 - 4. What is the remainder when 297 is divided by r?
15
Suppose -25*l + 6874 = -111076. What is the remainder when l is divided by 189?
182
Let t = 548 + -379. Suppose 3*c - 5*k = -0*c + 94, 5*c + 4*k - t = 0. What is the remainder when 145 is divided by c?
13
Let s(r) = 14*r + 1. Let m be ((-8)/(-6) - 0)*(7 - 10). Let u be s(m). Let d = u - -78. Calculate the remainder when 89 is divided by d.
20
Let s be 168/(-72) + (-124)/(-12). Suppose -5*h = 5*u - s - 12, -3*u = 0. Calculate the remainder when 153 is divided by h.
1
Let s(v) = -763*v**2 + 9160*v - 8. What is the remainder when 2/(-8) - 634/(-8) is divided by s(12)?
39
What is the remainder when 19/((-171)/(-1755))*1 is divided by 64?
3
Let c(h) = -637*h - 1793. What is the remainder when 715 is divided by c(-3)?
7
Suppose -12*b - 20 = -80. Suppose -5*p = 5*k - 215, 4*k - 10*p + b*p - 208 = 0. Calculate the remainder when k is divided by 27.
20
Let o(d) = 4*d - 6. Let f be o(15). Suppose 125 = -f*x + 59*x. Let v(n) = 8*n + 3. What is the remainder when v(15) is divided by x?
23
Let v = -304 - -421. Suppose -10*o + 7*o = -r + 29, 3*r - v = -o. Calculate the remainder when r is divided by 10.
8
Suppose -318 = -5*p + m + 328, 5*p - 640 = -5*m. Let u be 32 + (-2 - -4) + 2. Let c = -3 + u. Calculate the remainder when p is divided by c.
30
Let p = -128 - -137. Suppose 0 = -6*m + p*m - 450. What is the remainder when m is divided by 38?
36
Suppose 0 = -2*i + 200 + 544. Let a = i + -311. What is the remainder when a is divided by 21?
19
Let d(m) = -12*m**2 - 2110*m + 372. Calculate the remainder when 1 + (-1 - 1) + 55 is divided by d(-176).
14
Let t be 24/108 + (32/18 - -1). Suppose -510 = t*f + 195. Let s = -156 - f. Calculate the remainder when s is divided by 20.
19
Let n be 21 + ((-112)/(-4))/7. What is the remainder when 56 is divided by 4 + n*(-12)/(-20)?
18
Let w(a) = 143*a + 852. Calculate the remainder when 137 is divided by w(-5).
0
Suppose 6*j - j - 90 = 0. Suppose 50*g - 241 - 9 = 0. Suppose g*k = 12*k - 749. Calculate the remainder when k is divided by j.
17
Let p = -2096 + 2233. What is the remainder when p is divided by 41?
14
Suppose -r + 13 = -2*f - f, -3*f = 12. Calculate the remainder when ((17/(-3))/r)/((-5)/15) is divided by 2.
1
Calculate the remainder when 3856 is divided by 91/(2730/(-36)) - 152/(-10).
6
Let z = -17852 + 17892. Calculate the remainder when 843 is divided by z.
3
Let d(n) = -43*n + 671. Calculate the remainder when 462 is divided by d(11).
66
Let u(c) = c**3 - 30*c**2 + 165*c + 39. Calculate the remainder when 201 is divided by u(23).
70
Let b(z) = 36*z - 2. Calculate the remainder when -6 - (-3 + -345 - 5) is divided by b(2).
67
Suppose -48*c - 85 - 80 = -63*c. Calculate the remainder when 1637 is divided by c.
9
Suppose 5*w + 4*p - 698 = 0, w + 3*p - 4*p - 127 = 0. What is the remainder when 1077 is divided by w?
5
Suppose -2*c + 1282 = -s, s = c - 2*c + 647. Let z = c - 628. Calculate the remainder when 74 is divided by z.
14
What is the remainder when (-1790)/(-16) + (-109)/(-872) is divided by 38?
36
Suppose 2*g = 2*f - 1500, -3736 - 14 = -5*f - g. Suppose -f - 690 = -6*o. What is the remainder when o is divided by 27?
24
Let f(c) = -c - 10. Let p(m) = -m**3 + 15*m**2 + 33*m - 20. Let x be p(17). What is the remainder when f(x) is divided by 16?
11
Let u(h) = -h**3 - h**2 + 4*h - 5. Let v(y) = y**2 + 14*y - 13. Let b = -33 + 17. What is the remainder when u(-5) is divided by v(b)?
18
Suppose 0*o = -o + 215. Calculate the remainder when o is divided by (98/10 - -21)*(-10)/(-7).
39
Suppose 0 = b + 2*b - 183. Suppose -2*v + b + 29 = 0. Let g(t) = -5*t**3 - 47*t**2 - 18*t + 10. What is the remainder when v is divided by g(-9)?
5
Let r(g) = -239 + 2*g**2 + 149 + g + 111 - g**2. Let t = 2 + -2. What is the remainder when 102 is divided by r(t)?
18
Let k = -247 + 612. Calculate the remainder when k is divided by 125.
115
Let q = 505 + -488. Let c(i) = -4*i - 1 + 2*i - 6*i + 3. Calculate the remainder when c(-8) is divided by q.
15
Let t = 838 + -835. Let r(k) = 2*k**2 - 5*k + 32. What is the remainder when 136 is divided by r(t)?
31
Let b(p) = -205*p**3 + 2*p**2 - 4*p - 5. Let u be ((-22)/33)/(2/3). What is the remainder when b(u) is divided by 8?
6
Let d(n) = 7*n - 1. Let h(m) = 30*m + 4. Let u be h(-1). Let v = u - -102. Calculate the remainder when v is divided by d(3).
16
Suppose -s - 62*v = -67*v - 44, 3*v + 72 = 3*s. Suppose 4*i - 3*i - m = -6, -3*m = -5*i - 24. What is the remainder when i/9 + 326/6 is divided by s?
16
Let w(c) = 2*c**3 - 26*c**2 + 7*c + 15. Suppose -r - o = -6 - 4, 5*r - 77 = 4*o. What is the remainder when w(r) is divided by 22?
18
What is the remainder when 133 - ((-30)/((-10)/2) - 2) is divided by 111?
18
Let r(l) = -4*l + 8. Let w be r(3). Let k be 909/81 + w/18. Suppose 12*z - k*z = 20. Calculate the remainder when 75 is divided by z.
15
Suppose 17 - 5 = d. Suppose 22 = 5*q + 3*r - 51, -q + 2*r = -d. Suppose 4*w - 84 = -9*s + 6*s, 5*w = s + 124. Calculate the remainder when w is divided by q.
10
Let h(v) be the third derivative of 1/6*v**3 + 0*v + 1/10*v**5 - 1/120*v**6 - v**2 - 5/24*v**4 + 0. What is the remainder when 24 is divided by h(4)?
11
Suppose -5*n - 11 = -51. Let l = 14 - n. Suppose 73*r = 71*r + 80. Calculate the remainder when r is divided by l.
4
Let o(u) = -586*u**3 + u**2 - u. What is the remainder when o(-1) is divided by 120?
108
Suppose -5*d = 5*l, -2*l = l + 2*d. Let k be l*5/20*1. What is the remainder when 53 is divided by (12/(-10))/((-10)/75 + k)?
8
Let y(i) = -i**3 + 8*i**2 + 37*i - 177. Calculate the remainder when 3451 is divided by y(8).
0
Let v = -12605 - -12611. Let g(q) = -4*q - 7. Calculate the remainder when g(-6) is divided by v.
5
What is the remainder when 170 is divided by 158/(-15 + 9 + 8) - -6?
0
Suppose 0 = -9*w + 27 - 0. Calculate the remainder when 765 is divided by (-14)/(-7) + (-57)/(w - 4).
57
Let k = -566 - -668. Let z = k + -46. Let r = 26 - 6. What is the remainder when z is divided by r?
16
Let s(g) = 32*g + 1094. What is the remainder when 453 is divided by s(-34)?
3
Let j = 697 + -136. Let k = j + -500. What is the remainder when k is divided by 32?
29
Suppose 4*r - 404 = -4*p, 5*r - 32 + 400 = 4*p. What is the remainder when 388 is divided by p?
0
Let a(b) = 3*b**2 - 12*b - 16. Let u be a(5). Let m(k) = 31*k**2 - 1. Calculate the remainder when (2 - -54) + (-5 - -5) is divided by m(u).
26
Let o(g) = -309*g - 2141. Let r be 353/7 + (-18)/42. Suppose 0 = z - 58 - r. What is the remainder when z is divided by o(-7)?
20
Suppose -5*x - 3 + 0 = 4*m, 4*x = -m - 9. Suppose -2*b = 5 - 9, 0 = m*t - 4*b - 85. What is the remainder when 154 is divided by t?
30
Let r = 250 - 142. Suppose 13*l - 150 = -12*l. Suppose -r = -l*o + 3*o. Calculate the remainder when o is divided by 13.
10
Let g(m) = -2*m**2 + 5*m**3 - 6*m**3 + 3 + 30*m**2. Calculate the remainder when 17 is divided by g(28).
2
Suppose 763*f + 1332 = 767*f. Calculate the remainder when f is divided by 109.
6
Let k = 4514 - 4098. Calculate the remainder when 1310 is divided by k.
62
Let j = 1630 + -1335. Calculate the remainder when j is divided by 74.
73
Let n be (-2)/(-6) + (-349)/3. Let b = n + 160. Calculate the remainder when b is divided by 13.
5
Let t = -690 - -2113. Wh